 l(g) = g + 5. Determine l(t).
9
Suppose 6*y = 2*x + 3*y - 10, -4*x + 16 = -4*y. Let q be x*((-2)/(-4) + -2). Let m(v) be the third derivative of -v**4/24 + v**3/2 + v**2. Give m(q).
6
Let k(x) = x**3 - 3*x**2 + 3*x - 4. Let t be k(3). Let v(j) = j**3 - 4*j**2 - 6*j + 3. Give v(t).
-2
Suppose 24 = 4*l + 2*a, -4*a - 12 = -6*l + 2*l. Suppose 4 + 6 = l*s. Let h(o) = -o - s - 2 + 2*o. What is h(-5)?
-9
Let r(s) = 2 - 2 + 2 - 1 + 13*s. Let w(m) be the first derivative of -3*m**2 - m - 1. Let n(h) = -3*r(h) - 7*w(h). Determine n(-4).
-8
Let i(c) = c**3 - 7*c**2 + 8*c - 7. Suppose 1 - 5 = -y. Let v = y - 6. Let b be (v - -1)*-5 + 1. Calculate i(b).
5
Suppose 39*y - 36*y = -12. Let d(q) = -q**3 - 6*q**2 - 3*q + 4. What is d(y)?
-16
Let j = 12 + -6. Let o = -9 + j. Let l(v) = -3*v**2 + 4*v**3 - 5*v**3 + v + 1 + 0*v**2. Give l(o).
-2
Let u(t) = -4*t**3 + 6*t**2 - 8*t - 7. Suppose 0 + 3 = f. Let r(q) = -7*q**3 + 12*q**2 - 15*q - 14. Let v(x) = f*r(x) - 5*u(x). Determine v(5).
-7
Let s(d) = -5*d**2 - 4 - d + 5*d**2 + d**2. Let l(i) = i**2 - 5*i + 2. Let g be l(3). Let v = -1 - g. Determine s(v).
2
Let y(v) = -2*v + v + 0*v + 7. Let c be (-1 + -4)/(3 - 4). Calculate y(c).
2
Suppose 0 = -11*u - 23 - 10. Let k(m) = 0 - m**3 - 4 + m - 3*m**2 - 3*m. Calculate k(u).
2
Let l(d) be the first derivative of 2*d + d**2 + 5 - 1/3*d**3. Give l(5).
-13
Let i(b) = 10 - 216*b - 1 + 218*b. Give i(-8).
-7
Let q = -7 + 10. Let w = 22 - 10. Suppose 0*v + q*v = w. Let c(j) = j**2 - 4*j - 2. Calculate c(v).
-2
Suppose 5*d = -y - 2*y + 10, 5*d + 15 = 2*y. Suppose 0 = y*t + 5*x - 20, -t - 3*x + 14 = 4*t. Let p(l) = 7*l**2 + 1. Give p(t).
8
Let u(c) = -6*c - 27*c**3 + 6*c**2 - 1 + 26*c**3 + 4. Give u(4).
11
Let i(r) = -r + 3. Suppose 2 = -j + 1. Let g = 1 + j. Suppose u = -g*u. Determine i(u).
3
Let r(s) be the third derivative of -s**7/840 - s**5/120 - 3*s**4/8 - s**3/6 + 4*s**2. Let i(x) be the first derivative of r(x). What is i(0)?
-9
Let o be (-4 - 1)*(-1 + 2). Let l(n) = n**3 + 6*n**2 + 5*n + 2. What is l(o)?
2
Let d(y) be the first derivative of -2*y**3/3 + y**2/2 + 4*y - 14. Determine d(3).
-11
Let o(q) = -q - 2*q**3 + q**3 - 9 + 7. Let t = -2 + 2. Calculate o(t).
-2
Let j(v) = v. Let t be j(-5). Let x(a) = -a + 1. Let u be x(-1). Let s(w) = w**2 + 5 - 7*w**u + 0 - w**3 - 3*w. What is s(t)?
-5
Suppose f + f - 10 = 0. Let g = 9 - f. Let o(u) = -u**2 + 5*u + 5. Calculate o(g).
9
Let j(h) = 3*h + 5. Let l(f) = f + 3. Suppose -4*m = -4*n - 100, -n - 40 = -3*m - 5*n. Suppose 4*k = -0*k + m. Let r(x) = k*l(x) - 2*j(x). Give r(4).
1
Let c(i) = 2*i**2 + 12 + i**2 - 13. Suppose 4*j + 0*d + 4*d + 32 = 0, d = -5. Let r = j + 4. What is c(r)?
2
Let y(w) be the third derivative of w**5/60 + 5*w**4/24 + 5*w**3/6 + 6*w**2 - w. Calculate y(-5).
5
Let g(a) = a**3 - 5*a**2 - 9*a + 5. Let s be 26 + ((-8)/2 - 0). Suppose 5*k = k - 3*p + 36, -5*k + 2*p + s = 0. Calculate g(k).
-13
Let v(o) = 13*o + 14*o - 24*o + 7*o. Give v(1).
10
Suppose n + 2*j + 2*j - 11 = 0, -5*j = -4*n - 19. Let u be 0 - n - (2 + -1). Let f(a) = -4*a - 2 + u*a**3 - 5*a**2 - a**3 - 2*a. What is f(-4)?
6
Let d = -67 + 58. Let n(c) = -c - 4. Give n(d).
5
Let g(u) = -u**2 - 1. Let a(w) = 2 + 0*w - 3*w**2 - w + 2*w**2 - 3*w. Let o be a(-4). What is g(o)?
-5
Let d(s) = -7*s + 17. Let h(o) = -3*o + 8. Let v(f) = -2*d(f) + 5*h(f). Let r(u) = u. Let l be r(5). Calculate v(l).
1
Let p = 0 + 5. Let h(s) = -4*s + p - 6 + s. Determine h(1).
-4
Let i(l) = 2*l**3 + l. Suppose 5*g - 4 = -3*a, 4*g = g - 5*a + 12. Calculate i(g).
-3
Suppose 4 = 155*j - 154*j. Let s(p) = p - 2*p**2 + p**2 + 2 + 3*p. What is s(j)?
2
Let l(b) = -b - 8. Let m be l(-5). Let d(z) = z + 6. Give d(m).
3
Let a(u) = 1 + 64*u + u**3 - 2 - 3*u**2 - 62*u. What is a(3)?
5
Let d(v) be the first derivative of v**6/360 + v**5/24 + 3*v**3 - 6. Let s(u) be the third derivative of d(u). Calculate s(-4).
-4
Let k(x) = -4*x - 3. Let n be 64/(-28) - 4/(-14). Give k(n).
5
Let j(u) = -11*u**2 - u + 7. Let b(y) = -23*y**2 - 2*y + 15. Let p(k) = -6*b(k) + 13*j(k). Let a(o) = -2*o + 13. Let r be a(6). Give p(r).
-5
Suppose 0 = -3*s + 2*s + 2. Let g(y) = -3*y + 0 - 2 - 1 + y**s. What is g(5)?
7
Let f(y) = 2*y**2 - 7*y + 4*y + 0*y - 1 + 4*y. What is f(2)?
9
Let n(j) = -j**3. Let m(k) = 1 - 4*k + 5*k + 4. Suppose -q - 23 = 4*x - 0, 4*q = 4. Let h be m(x). Give n(h).
1
Let y(a) = 4*a + 6. Let t(k) = -5*k + 3. Let o be t(6). Let s = o + 19. Let u = s - -4. What is y(u)?
-10
Let z(p) = -p - 4. Let s be z(-3). Let r = -6 - s. Let c(g) = 7 + 2 + 2*g**2 - g**2 - 5 + 7*g. Calculate c(r).
-6
Let u(s) = s**2 + 4*s + 3. Suppose 0 = 3*a - 5*a + 12. Let l be 3 + a/(1 - 2). What is u(l)?
0
Let b = 0 - -2. Let h(z) = z**3 - 5*z**2 + 2*z + 1. Let n be h(5). Let d(g) = 10*g - 16*g + n*g. Give d(b).
10
Suppose 4*x = -5 - 19. Let p(m) = -m. Let k(v) = 4*v + 3. Let i(z) = k(z) + 3*p(z). What is i(x)?
-3
Let q(m) = m - 1. Suppose 3*k - 2 = 1. Let l(t) = -5*t + 11. Suppose 2*s = 15 - 3. Let n(r) = k*l(r) + s*q(r). What is n(-4)?
1
Let h = 6 + -6. Let q(f) = -f - 2. Calculate q(h).
-2
Suppose 5*n + 20 = 0, n - 12 = 4*p + 5*n. Suppose 5*f = 5*l + 45, 7*l = -4*f + 2*l - 9. Let c(h) = 5*h - p + h - f*h. Determine c(-1).
-3
Let h(c) = -6 + 1 - c + 2. Calculate h(-5).
2
Let r be 15/(-4) - (-2)/(-8). Let n(f) be the second derivative of f**4/12 + f**3/2 - f**2/2 + 15*f. Give n(r).
3
Let w(o) = -15*o**2 - 1. Let v be 2/12 + 14/(-12). Calculate w(v).
-16
Let o(m) be the third derivative of -m**4/12 + m**3/6 + 2*m**2. Let u be (3/2)/(18/24). Determine o(u).
-3
Let s(h) = h**3 + 4*h**2 + 2*h - 1. Let a(x) = -x**2 + 4*x + 3. Suppose -3*o + 5 + 10 = 0. Let d be a(o). Calculate s(d).
3
Let p(f) = -4*f**2 - 2*f**2 + 3*f + 4 - 10*f + f. Let j(y) = 5*y**2 + 5*y - 4. Let l(o) = -7*j(o) - 6*p(o). Determine l(0).
4
Let q(k) = k. Let x(v) = -4*v - 1. Let p(z) = 22*q(z) + 6*x(z). Give p(-7).
8
Let u(z) = -z - 3. Let v(h) = -h**3 + 10*h**2 - 2. Suppose 0 = 5*c - 50. Let y be v(c). Let w be 8*1*y/4. Give u(w).
1
Let j(l) = -l**3 - l**2 - 1. Let q(r) = 7*r**3 - 2*r**2 + 6*r + 13. Let x(i) = -6*j(i) - q(i). What is x(7)?
0
Let x(v) = 5*v + 12. Let r(q) = 45*q + 110. Let i(f) = -6*r(f) + 55*x(f). Determine i(2).
10
Suppose -3*q + 1 + 17 = -3*h, -3*h - 18 = 4*q. Let x(z) = z + 7. Let g be x(h). Let j(a) = -3 - g + a - 2*a. Determine j(3).
-7
Let k(z) be the second derivative of 0*z**3 + 0 - z**2 - 1/8*z**4 - z - 1/20*z**5 + 1/120*z**6. Let v(f) be the first derivative of k(f). Determine v(4).
4
Suppose -y + 5 = -1. Suppose 2*z = 12 - y. Let a(j) = j**2 - j - 2. Give a(z).
4
Let i(k) be the first derivative of k**3/3 + 3*k**2 - 2*k - 5. What is i(-5)?
-7
Let o = 4 - 2. Let l(d) = -d. Let a(c) = 4*c - 2. Let j(t) = a(t) + 2*l(t). Determine j(o).
2
Let i(f) = f**2 - 4*f - 3. Suppose 5*v + 0 = -2*j + 8, -2*j = v - 8. Determine i(j).
-3
Let f(m) = -m**2 + m - 1. Let t(q) = q**2 + 7*q - 5. Let k be t(-8). Suppose -u - k*u = -4. Let x be u + -2 + (3 - 0). Determine f(x).
-3
Suppose 4*t - 3*l = 5, 0*l + 15 = 3*l. Suppose 0 = 4*s - 4*g + 24, -3*g - 17 - 13 = t*s. Let i = 8 + s. Let f(k) = -2*k**3 + 3*k**2 - 2*k + 3. Determine f(i).
-5
Suppose 0 = 2*j + u - 9, 3*j - 4*u = -0*u + 41. Let b = -4 + j. Let a = b + -6. Let x(c) = -c**3 - c**2 + 3*c - 4. Determine x(a).
5
Let x(g) be the third derivative of -g**4/24 + g**3/6 - 8*g**2. Determine x(-4).
5
Suppose 0 = z + i + 4, 0 = -3*z - 2*i - 8. Let a(k) = -2*k + 14. Let v(l) = -l + 1. Let r(x) = -a(x) + 3*v(x). Calculate r(z).
-11
Let s(x) = -x**2 - x - 3. Let k = 0 - -4. Suppose 2*m + 3*y - 9 = 0, m - k*y = -14 + 2. Give s(m).
-3
Suppose 0 = 2*z + 2*w + 5 - 13, -4 = -4*w. Let o = z + 1. Let u(q) = q**3 - 5*q**2 + 6*q - 4. What is u(o)?
4
Let y(f) be the first derivative of f**4/12 + 7*f**3/6 + 9*f**2/2 + 3*f + 4. Let h(j) be the first derivative of y(j). Give h(-6).
3
Let j(y) = -y + 6. Let t be 12/4 - (-1 + 0 + 4). Determine j(t).
6
Suppose -4*g = -0*g + 5*m + 15, -13 = 2*g - 3*m. Let r(x) = -x**3 - 5*x**2 - 5*x - 6. Give r(g).
19
Suppose 3*m = 8 - 2. Suppose -3*b + 2*k = k + 2, -3*b = m*k + 14. Let r be (-5)/b - 2/(-4). Let u(d) = -2*d. Calculate u(r).
-6
Let s(u) = -4*u + 2. Suppose -26*g = -10*g - 112. Calculate s(g).
-26
Let v be -1*(-2 - (-13)/1). Let z(c) = c**2 + 2*c. Let u(n) = -5*n*